nder when 160189 is divided by 153.
151
What is the remainder when 38052 is divided by 6335?
42
Calculate the remainder when 3557 is divided by 95.
42
What is the remainder when 6539 is divided by 3192?
155
What is the remainder when 7348 is divided by 231?
187
What is the remainder when 6840 is divided by 1584?
504
What is the remainder when 4515 is divided by 567?
546
Calculate the remainder when 10720 is divided by 39.
34
What is the remainder when 1341 is divided by 224?
221
Calculate the remainder when 553243 is divided by 44.
31
Calculate the remainder when 133572 is divided by 98.
96
What is the remainder when 93746 is divided by 9374?
6
Calculate the remainder when 4065 is divided by 12.
9
What is the remainder when 1391 is divided by 293?
219
Calculate the remainder when 21338 is divided by 418.
20
What is the remainder when 160934 is divided by 81?
68
Calculate the remainder when 33090 is divided by 3667.
87
Calculate the remainder when 12183 is divided by 5.
3
Calculate the remainder when 1670 is divided by 814.
42
Calculate the remainder when 1267102 is divided by 8.
6
Calculate the remainder when 267441 is divided by 38.
35
What is the remainder when 8978 is divided by 15?
8
What is the remainder when 4749351 is divided by 1112?
1111
Calculate the remainder when 11403 is divided by 4770.
1863
Calculate the remainder when 10843 is divided by 45.
43
Calculate the remainder when 99618 is divided by 424.
402
Calculate the remainder when 44466 is divided by 102.
96
Calculate the remainder when 121472 is divided by 521.
79
Calculate the remainder when 181936 is divided by 49.
48
Calculate the remainder when 756723 is divided by 19.
10
What is the remainder when 301139 is divided by 63?
62
Calculate the remainder when 5174 is divided by 5009.
165
Calculate the remainder when 1456141 is divided by 15168.
13
What is the remainder when 11100 is divided by 241?
14
Calculate the remainder when 3723 is divided by 38.
37
What is the remainder when 5769 is divided by 446?
417
What is the remainder when 25773 is divided by 3?
0
Calculate the remainder when 389895 is divided by 30.
15
What is the remainder when 1422 is divided by 1387?
35
What is the remainder when 86048 is divided by 133?
130
Calculate the remainder when 6639 is divided by 246.
243
What is the remainder when 50353 is divided by 14?
9
Calculate the remainder when 146125 is divided by 8118.
1
Calculate the remainder when 219908 is divided by 152.
116
What is the remainder when 1988 is divided by 1308?
680
Calculate the remainder when 1385 is divided by 266.
55
What is the remainder when 955654 is divided by 318551?
1
What is the remainder when 52674 is divided by 230?
4
What is the remainder when 4101 is divided by 227?
15
What is the remainder when 1252366 is divided by 117?
115
What is the remainder when 897 is divided by 797?
100
Calculate the remainder when 3948 is divided by 16.
12
Calculate the remainder when 4269 is divided by 16.
13
What is the remainder when 4520 is divided by 410?
10
What is the remainder when 158302 is divided by 6?
4
Calculate the remainder when 1866 is divided by 1770.
96
Calculate the remainder when 14489 is divided by 3.
2
Calculate the remainder when 76655 is divided by 2839.
2
What is the remainder when 5920 is divided by 156?
148
Calculate the remainder when 16511 is divided by 55.
11
Calculate the remainder when 15835 is divided by 1437.
28
Calculate the remainder when 324 is divided by 174.
150
Calculate the remainder when 18520 is divided by 3083.
22
Calculate the remainder when 16805 is divided by 4200.
5
What is the remainder when 8021 is divided by 105?
41
What is the remainder when 3736 is divided by 19?
12
Calculate the remainder when 144124 is divided by 710.
704
Calculate the remainder when 447 is divided by 101.
43
Calculate the remainder when 994912 is divided by 413.
408
What is the remainder when 153765 is divided by 534?
507
What is the remainder when 84992 is divided by 438?
20
Calculate the remainder when 523564 is divided by 597.
592
What is the remainder when 3118 is divided by 195?
193
Calculate the remainder when 30815 is divided by 8.
7
What is the remainder when 28957 is divided by 159?
19
Calculate the remainder when 86658 is divided by 69.
63
Calculate the remainder when 78783 is divided by 11254.
5
What is the remainder when 481863 is divided by 98?
95
Calculate the remainder when 44940 is divided by 22450.
40
Calculate the remainder when 7052 is divided by 87.
5
What is the remainder when 1921 is divided by 372?
61
Calculate the remainder when 3033 is divided by 686.
289
What is the remainder when 385937 is divided by 78?
71
What is the remainder when 227171 is divided by 75?
71
What is the remainder when 27758 is divided by 52?
42
What is the remainder when 26637 is divided by 20?
17
What is the remainder when 3279 is divided by 582?
369
Calculate the remainder when 764 is divided by 240.
44
Calculate the remainder when 483336 is divided by 845.
841
Calculate the remainder when 22127 is divided by 78.
53
Calculate the remainder when 36324 is divided by 163.
138
What is the remainder when 5103 is divided by 1408?
879
What is the remainder when 13843 is divided by 39?
37
What is the remainder when 25213 is divided by 151?
147
Calculate the remainder when 5798 is divided by 558.
218
What is the remainder when 151680 is divided by 149?
147
Calculate the remainder when 3228 is divided by 1069.
21
Calculate the remainder when 67914 is divided by 29.
25
What is the remainder when 102653 is divided by 49?
47
Calculate the remainder when 25240 is divided by 118.
106
Calculate the remainder when 1355 is divided by 651.
53
Calculate the remainder when 332663 is divided by 184.
175
Calculate the remainder when 193696 is divided by 52.
48
Calculate the remainder when 53584 is divided by 53574.
10
Calculate the remainder when 1549 is divided by 772.
5
Calculate the remainder when 220369 is divided by 74.
71
What is the remainder when 15310 is divided by 53?
46
What is the remainder when 5167 is divided by 2345?
477
What is the remainder when 2276 is divided by 485?
336
What is the remainder when 14059 is divided by 100?
59
Calculate the remainder when 101645 is divided by 91.
89
What is the remainder when 28417 is divided by 28?
25
Calculate the remainder when 25354 is divided by 12662.
30
What is the remainder when 234496 is divided by 227?
5
Calculate the remainder when 84742 is divided by 1765.
22
Calculate the remainder when 7298 is divided by 1452.
38
Calculate the remainder when 332225 is divided by 48.
17
What is the remainder when 541 is divided by 13?
8
What is the remainder when 9550 is divided by 94?
56
What is the remainder when 416978 is divided by 10?
8
What is the remainder when 1082 is divided by 219?
206
Calculate the remainder when 2216 is divided by 53.
43
Calculate the remainder when 8882 is divided by 117.
107
What is the remainder when 25066 is divided by 716?
6
Calculate the remainder when 2279 is divided by 14.
11
What is the remainder when 177210 is divided by 335?
330
What is the remainder when 36374 is divided by 5180?
114
Calculate the remainder when 19089 is divided by 66.
15
Calculate the remainder when 131362 is divided by 21892.
10
Calculate the remainder when 62030 is divided by 4.
2
Calculate the remainder when 2440 is divided by 177.
139
What is the remainder when 141599 is divided by 75?
74
Calculate the remainder when 8920 is divided by 1272.
16
Calculate the remainder when 1563 is divided by 254.
39
Calculate the remainder when 1951 is divided by 1573.
378
Calculate the remainder when 225580 is divided by 9.
4
What is the remainder when 3131 is divided by 182?
37
What is the remainder when 165500 is divided by 27582?
8
What is the remainder when 2357 is divided by 124?
1
Calculate the remainder when 68 is divided by 60.
8
What is the remainder when 205857 is divided by 73?
70
Calculate the remainder when 34758 is divided by 34666.
92
What is the remainder when 155976 is divided by 582?
0
What is the remainder when 2986 is divided by 2963?
23
What is the remainder when 4843 is divided by 1604?
31
What is the remainder when 1538 is divided by 633?
272
Calculate the remainder when 913 is divide